s the millions digit of 1270163?
1
What is the units digit of 1950914?
4
What is the millions digit of 10225964?
0
What is the units digit of 670010?
0
What is the units digit of 25363?
3
What is the hundreds digit of 10015999?
9
What is the hundreds digit of 496685?
6
What is the ten millions digit of 24836000?
2
What is the hundreds digit of 2159140?
1
What is the hundred thousands digit of 4646505?
6
What is the units digit of 2432051?
1
What is the hundreds digit of 149765?
7
What is the hundred thousands digit of 838695?
8
What is the units digit of 16679552?
2
What is the hundreds digit of 231663?
6
What is the hundred thousands digit of 11505700?
5
What is the hundred thousands digit of 2151109?
1
What is the tens digit of 11468609?
0
What is the hundred thousands digit of 291153?
2
What is the hundreds digit of 6257575?
5
What is the hundreds digit of 4977330?
3
What is the units digit of 1502628?
8
What is the ten thousands digit of 18815071?
1
What is the units digit of 1488011?
1
What is the hundreds digit of 1319058?
0
What is the ten millions digit of 18293490?
1
What is the tens digit of 136919?
1
What is the thousands digit of 1766763?
6
What is the hundred thousands digit of 878577?
8
What is the tens digit of 392690?
9
What is the tens digit of 603436?
3
What is the hundred thousands digit of 909843?
9
What is the thousands digit of 4249132?
9
What is the thousands digit of 1763039?
3
What is the hundreds digit of 15049?
0
What is the hundreds digit of 4046100?
1
What is the tens digit of 1924259?
5
What is the thousands digit of 546864?
6
What is the ten thousands digit of 2592709?
9
What is the tens digit of 1633288?
8
What is the units digit of 1173353?
3
What is the thousands digit of 6007395?
7
What is the millions digit of 1635265?
1
What is the hundred thousands digit of 6367468?
3
What is the hundreds digit of 8850831?
8
What is the hundred thousands digit of 5426451?
4
What is the hundred thousands digit of 538162?
5
What is the ten thousands digit of 375592?
7
What is the hundred thousands digit of 1204409?
2
What is the millions digit of 2338073?
2
What is the tens digit of 142808?
0
What is the thousands digit of 79944?
9
What is the hundreds digit of 30750?
7
What is the hundred thousands digit of 507657?
5
What is the thousands digit of 1026551?
6
What is the hundred thousands digit of 180362?
1
What is the tens digit of 1704350?
5
What is the ten thousands digit of 350173?
5
What is the thousands digit of 116435?
6
What is the units digit of 3910858?
8
What is the ten thousands digit of 13699965?
9
What is the millions digit of 6435696?
6
What is the ten thousands digit of 758220?
5
What is the thousands digit of 1687926?
7
What is the ten thousands digit of 1417583?
1
What is the units digit of 422095?
5
What is the ten thousands digit of 134163?
3
What is the units digit of 13931412?
2
What is the units digit of 839067?
7
What is the hundred thousands digit of 1384663?
3
What is the hundred thousands digit of 19631632?
6
What is the ten thousands digit of 157840?
5
What is the ten thousands digit of 73518?
7
What is the tens digit of 3919684?
8
What is the ten thousands digit of 6955919?
5
What is the tens digit of 5792361?
6
What is the hundreds digit of 12500343?
3
What is the millions digit of 3858332?
3
What is the units digit of 5630676?
6
What is the tens digit of 1825324?
2
What is the tens digit of 494806?
0
What is the units digit of 302705?
5
What is the thousands digit of 159727?
9
What is the thousands digit of 780199?
0
What is the units digit of 577439?
9
What is the thousands digit of 8447237?
7
What is the thousands digit of 66386?
6
What is the ten thousands digit of 2919680?
1
What is the hundred thousands digit of 163016?
1
What is the ten thousands digit of 10373651?
7
What is the ten thousands digit of 14516513?
1
What is the hundred thousands digit of 1098295?
0
What is the tens digit of 624341?
4
What is the units digit of 2525554?
4
What is the thousands digit of 87438?
7
What is the hundred thousands digit of 431023?
4
What is the units digit of 148777?
7
What is the ten millions digit of 34987584?
3
What is the hundred thousands digit of 728581?
7
What is the tens digit of 73273?
7
What is the units digit of 48278?
8
What is the hundreds digit of 7246544?
5
What is the tens digit of 844699?
9
What is the units digit of 267864?
4
What is the hundred thousands digit of 143809?
1
What is the thousands digit of 120479?
0
What is the hundred thousands digit of 1777544?
7
What is the hundreds digit of 9019718?
7
What is the hundred thousands digit of 1295296?
2
What is the hundred thousands digit of 396318?
3
What is the hundreds digit of 19861560?
5
What is the units digit of 9868701?
1
What is the units digit of 300114?
4
What is the tens digit of 2958168?
6
What is the hundred thousands digit of 5219298?
2
What is the units digit of 7615521?
1
What is the hundred thousands digit of 254472?
2
What is the tens digit of 14164670?
7
What is the hundred thousands digit of 8587002?
5
What is the hundreds digit of 140616?
6
What is the hundreds digit of 174462?
4
What is the thousands digit of 241766?
1
What is the units digit of 533925?
5
What is the hundred thousands digit of 618111?
6
What is the thousands digit of 918519?
8
What is the hundreds digit of 377790?
7
What is the millions digit of 4184858?
4
What is the hundred thousands digit of 5655834?
6
What is the hundred thousands digit of 318565?
3
What is the hundred thousands digit of 476439?
4
What is the hundred thousands digit of 11357933?
3
What is the millions digit of 8527672?
8
What is the tens digit of 141945?
4
What is the thousands digit of 2546819?
6
What is the units digit of 147444?
4
What is the units digit of 9110288?
8
What is the hundreds digit of 1667138?
1
What is the hundred thousands digit of 1036871?
0
What is the units digit of 1133841?
1
What is the hundreds digit of 2037052?
0
What is the ten thousands digit of 1474550?
7
What is the hundred thousands digit of 854568?
8
What is the thousands digit of 2508830?
8
What is the units digit of 935825?
5
What is the hundreds digit of 4733?
7
What is the tens digit of 156564?
6
What is the units digit of 2344339?
9
What is the ten millions digit of 20899547?
2
What is the hundred thousands digit of 704928?
7
What is the units digit of 148558?
8
What is the tens digit of 184285?
8
What is the hundreds digit of 38652?
6
What is the hundred thousands digit of 1701681?
7
What is the hundreds digit of 4691473?
4
What is the ten thousands digit of 939577?
3
What is the tens digit of 192212?
1
What is the units digit of 4924789?
9
What is the ten thousands digit of 4083327?
8
What is the thousands digit of 4165030?
5
What is the ten thousands digit of 4193321?
9
What is the hundreds digit of 183129?
1
What is the thousands digit of 11230694?
0
What is the ten thousands digit of 9590662?
9
What is the hundreds digit of 3945747?
7
What is the hundred thousands digit of 439902?
4
What is the hundred thousands digit of 118670?
1
What is the hundred thousands digit of 14059839?
0
What is the ten millions digit of 18052426?
1
What is the ten thousands digit of 2369328?
6
What is the tens digit of 1118530?
3
What is the units digit of 554109?
9
What is the ten thousands digit of 25017248?
1
What is the tens digit of 12883?
8
What is the ten thousands digit of 17630236?
3
What is the tens digit of 6990453?
5
What is the tens digit of 1055304?
0
What is the hundreds digit of 500111?
1
What is the thousands digit of 1367983?
7
What is the ten thousands digit of 23576414?
7
What is the tens digit of 38505?
0
What is the ten thousands digit of 14471921?
7
What is the ten thousands digit of 140784?
4
What is the tens digit of 9743996?
9
What is the tens digit of 1669445?
4
What is the hundreds digit of 308568?
5
What is the ten millions digit of 11048495?
1
What is the hundred thousands digit of 17035473?
0
What is the ten millions digit of 21007073?
2
What is the units digit of 1735046?
6
What is the hundreds digit of 1407926?
9
What is the thousands digit of 503530?
3
What is the hundred thousands digit of 2856535?
8
What is the tens digit of 250103?
0
What is the thousands digit of